 - s. Let m be j(-6). Suppose 0 = -p + m. What is the units digit of p?
5
Let k = 5 + 7. Let w = k - 4. What is the units digit of w?
8
What is the units digit of (-50)/(-8) - (-9)/12?
7
Suppose r - 2*r - 92 = -3*p, 0 = 3*p - 2*r - 91. What is the units digit of p?
1
Let f = -10 - -40. What is the tens digit of f?
3
Let q(j) = j**3 + 8*j**2 + 6*j - 10. Let y be q(-7). Let p = y - -2. Let i(w) = -6*w**3 - 2*w**2 + 1. What is the units digit of i(p)?
5
What is the tens digit of (-1997)/(-7) - (-9)/((-252)/8)?
8
Let z(k) = 2*k - 3. Let b be z(2). Let u(d) be the first derivative of 5*d**3/3 + d - 1. What is the units digit of u(b)?
6
Let z(n) = n**3 - 2*n**2 - 4*n - 5. Let v be z(4). Let l = v - 7. What is the units digit of l?
4
Let r(l) = -l**3 - 4*l**2 - 2. Let y be r(-4). Let h(k) = -4*k**3 + 2*k**2 - k - 2. What is the units digit of h(y)?
0
Let g be (-2)/(-8) + (-47)/(-4). What is the units digit of ((-2)/(-6))/(2/g)?
2
Let w = 21 + -11. What is the tens digit of w?
1
Let o(t) = -t**3 + 9*t**2 + 12*t - 12. Let p be o(10). Suppose -2*x + 2*f + 36 = 0, x + 2*f - 26 = -p. What is the tens digit of x?
1
Let f(z) = -20*z - 1. What is the tens digit of f(-2)?
3
Let i be 0/1 - 2/(-1). Suppose -4 = 5*p - 5*c + 1, -2*p + 28 = 4*c. Suppose 0 = -3*l + p + i. What is the units digit of l?
2
Let p(n) = -4*n - 12. What is the tens digit of p(-17)?
5
Let x = -10 + 21. Suppose 4 = a, 5*a = 2*k + x + 7. What is the units digit of k?
1
Suppose -3*u - 25 = 2*u. Let d = -3 - u. What is the units digit of 2 - d - (1 - 9)?
8
Let d be 8/12 + 20/6. Suppose -d*x + 44 = -0*x. What is the tens digit of x?
1
Suppose 269 - 1277 = -6*f. What is the units digit of f?
8
Suppose 2*p = -f + 15, 5*p - 2*f = -0*p + 33. Let d = p + -1. What is the units digit of d?
6
Suppose -2*h = -h - 48. Let g = h + -2. What is the tens digit of g?
4
Suppose -5*o - 3*a = -105, 4*o + 0*a + 3*a - 81 = 0. What is the tens digit of o?
2
Suppose i + 0*i + 7 = 0. Let n = i + 11. What is the units digit of n?
4
Let v = 28 + -18. Suppose x + 5*y - v = -0*x, -y + 21 = 4*x. What is the units digit of (-1)/x - (-72)/10?
7
Let t = -16 - -49. What is the units digit of t?
3
Suppose 0 = w - 0 - 3. Suppose -4*u = -5*u + w. Suppose 3*k + u*t - 7*t - 80 = 0, 3*k - 3*t = 75. What is the units digit of k?
0
Let q = -4 - 3. Let t(y) = -y**2 - 9*y + 2. What is the tens digit of t(q)?
1
Suppose -6*i + 4*j + 261 = -i, 0 = 3*i + 5*j - 164. What is the tens digit of i?
5
Let d(b) = b**2 + 4*b - 11. Let i be d(-5). Let g = 24 + -36. What is the tens digit of (27/g)/(i/32)?
1
Let i(c) = -2*c - 17 + 17. Let m be i(-1). Suppose 4*z - 14 = m. What is the units digit of z?
4
Suppose 4*r + 0*r = -4*x + 120, -5*x + 150 = 2*r. Suppose -2*m + x = -46. What is the tens digit of m?
3
Let c = 108 + 38. What is the tens digit of c?
4
Suppose 0 = -w - w - 3*g + 35, 35 = 4*w - g. Suppose -p - 2*a = w, a - 23 = 3*p - 0*p. Let j = p + 11. What is the units digit of j?
3
Suppose 0 = -4*h + 2*f - 46, 2*h = 6*h - 3*f + 49. What is the units digit of 25/9 + h/(-45)?
3
Let s be 65/5 + 1*-1. What is the units digit of 10/3 + 8/s?
4
Let w(t) = -t**2 + 11*t - 4. Let f be w(7). Let g = f + -15. What is the units digit of g?
9
Let w = 11 - 6. Suppose -3*r + 71 = w*k + r, 2*r = k - 3. What is the tens digit of k?
1
Let m(a) = 15*a**2 - 3*a - 3. What is the hundreds digit of m(3)?
1
Suppose 2*n + 5*n = 588. What is the units digit of n?
4
Suppose -4*b + 8*b = 12. Suppose -b*p + 6 = 4*j, -6 = -p - 2*p + 5*j. Suppose -9 = -p*h - 1. What is the units digit of h?
4
Let a = -33 + 72. What is the units digit of a?
9
Suppose 3*k + 2*b = 262, 3*b = 2*k + 2*k - 355. What is the units digit of k?
8
Let u(j) = j**2 - 4*j - 4. Let q be u(4). Let f(z) = z**3 + 5*z**2 - 2*z**2 - 2*z - 3*z. What is the units digit of f(q)?
4
Suppose -11*k = -17*k + 258. What is the units digit of k?
3
Let r = -30 + -25. What is the tens digit of 5/20 + r/(-4)?
1
Suppose 2*t - 8 = -2*t. Suppose t*o = -2*b - 12, 5*o + 24 = 5*b - 4*b. Let c(s) = 7*s**2. What is the units digit of c(b)?
7
Suppose 0*c - 5*g = 4*c - 45, -2*g - 10 = -4*c. Let v = c - -5. What is the units digit of v?
0
Let s = -4 - -8. Suppose s*g = 5*g - 2. Suppose -4*i - 5*y + 6 = 0, i + y = -g*i + 10. What is the units digit of i?
4
Let m(c) = -c + 1. Suppose 2*y = -4*x - 4, -2*x = -5*y + 4*y - 6. Let i be m(y). Suppose 5*k = 5*u - 45, 15 = i*u + 5*k - 80. What is the tens digit of u?
1
Suppose c + 2 = -0*c. Let u be 2/(-2)*10/c. Let y(r) = 3*r - 7. What is the units digit of y(u)?
8
Let u(z) = 48*z**2 - 2*z - 1. What is the units digit of u(2)?
7
Suppose -5*s - 3*q = -s + 17, 0 = -2*s + 2*q - 26. Let p = -4 - s. Suppose p*w + 0*w = 16. What is the units digit of w?
4
Let m be -1*(2 + -5 + 4). Let a(n) = -n**3 - n. Let z be a(m). Suppose -2*t = -10, -z*g - 6 = -2*t - 18. What is the tens digit of g?
1
Let f = -14 + 16. What is the tens digit of 1/(f/(-138)*-3)?
2
Let u = 9 - 15. Let s be u*(0 + (-3 - -2)). Suppose -2*r + l = s*l + 9, 0 = 3*r - l - 29. What is the units digit of r?
8
Let l = -92 + 179. Suppose -o + l = 2*o. What is the tens digit of o?
2
Let b = -19 - 38. Let l = -32 - b. What is the units digit of l?
5
Suppose 12 = 7*y - 30. Let j = 150 - 42. What is the tens digit of y/(-10) + j/5?
2
Let f = -6 - -9. Suppose -f*q - q = -12. What is the units digit of q?
3
Suppose -5*x + 7*x - 388 = 0. What is the hundreds digit of x?
1
Let a = -1 - -1. Suppose 0*h = 2*b - 5*h + 23, 3*b - 2*h + 7 = a. What is the units digit of b?
1
Let j(s) = -s**3 + 5*s**2 + 8*s - 8. Let z be j(6). Let m = 13 - z. What is the units digit of m?
9
Let x(h) = h. Let f be x(6). Let y = -9 - -12. Suppose -f = -3*j + y. What is the units digit of j?
3
Suppose 4*y - z - 37 = 0, -2*y + 5*y + 3*z - 9 = 0. Suppose -4*t + y = -0*t. What is the units digit of (2 - (-2 - -2)) + t?
4
Let o = -11 - -117. What is the tens digit of o?
0
Let u(k) = -19*k + 2. What is the units digit of u(-2)?
0
Let l(j) = j - 4. Let a(z) = -z + 3. Let s(b) = -3*a(b) - 2*l(b). Let i be s(5). Let f = 5 - i. What is the units digit of f?
1
Let z(n) = 11*n + 1. Let w be z(1). Suppose 117 = -9*g + w*g. What is the units digit of g?
9
What is the tens digit of (15/15)/((-1)/(-23))?
2
What is the units digit of ((-2)/(-3))/((-2)/(-6)) + 100?
2
Suppose d = -5*b + 22, 5*d - 110 = b - 6*b. Suppose -3*s - r - d = s, 0 = s + 3*r. Let v(m) = -4*m - 7. What is the units digit of v(s)?
7
What is the units digit of (2 - 92)/(-3) - -3?
3
Suppose 0 = -5*q - 2*m + 14, 16 = 4*q - 3*m - 9. Suppose 0 = 5*p - q*i + 3*i - 68, -3*i - 22 = -p. What is the tens digit of p?
1
Let z be 3/4*2*2. Suppose -z*q - 37 = -3*j - 2*j, -q - 7 = -j. What is the units digit of j?
8
Suppose 3*k - 15 = -5*g + 2*g, k + 5*g = 17. What is the units digit of k?
2
Suppose -5*s + 5*t + 33 = 3*t, 0 = 5*s + t - 21. Let f be 23/s + 10/25. Suppose 0 = 4*y + f - 57. What is the tens digit of y?
1
Let k = 23 + -14. What is the units digit of k?
9
Suppose 0 = 2*g - 0 + 24. Let z = 0 - g. What is the tens digit of z?
1
Let z = 21 + 12. What is the units digit of z?
3
Suppose -4*w + 0*w = -304. What is the units digit of w?
6
Suppose -h + j + 15 = -4*h, -5*j + 5 = -5*h. What is the tens digit of 4/(-5)*70/h?
1
Let q = -12 + 40. What is the units digit of q?
8
Suppose -u + d + 238 = 0, u + 5*d = 223 + 15. What is the hundreds digit of u?
2
Let d(q) be the second derivative of q**4/12 + 3*q**2/2 - 5*q. What is the tens digit of d(4)?
1
Suppose z - 3 = l, l + 3*l = -z + 3. Let p be (1/(-2))/(z/(-36)). Let f(o) = -o**2 + 7*o + 8. What is the tens digit of f(p)?
1
Let l(o) = 2*o**3 - 9*o**2 + 11*o + 4. What is the units digit of l(5)?
4
Let l(s) = -2*s**3 - 3*s**2 + 6*s + 8. What is the units digit of l(-3)?
7
Suppose -4*s + 30 = -3*s. What is the units digit of s?
0
Let a(h) = h + 3. Let j be a(-5). Suppose 3*u - k + 8 = 7*u, -4*k = 4*u - 8. Let s = u - j. What is the units digit of s?
4
Let w(q) = -q**2 + 7*q + 8. Suppose 4*v - 2*y = 6*v - 18, 0 = 2*v + y - 14. Let d be 1 + 1 + -1 + v. What is the tens digit of w(d)?
1
Let k(q) = 3*q**2 + 11*q + 3. What is the units digit of k(6)?
7
Let b = 225 + -157. What is the tens digit of b?
6
Let h(x) = x**2 + 2*x + 13. Let r be h(-8). Suppose -r = -2*q - 5*n - 0*n, -n = 4*q -